True
Is 547448 a multiple of 22?
True
Is 229090 a multiple of 3?
False
Is 85425 a multiple of 3?
True
Is 139 a factor of 111183?
False
Is 97 a factor of 899287?
True
Is 46 a factor of 3874764?
True
Is 167 a factor of 1516931?
False
Is 302316 a multiple of 28?
True
Is 7 a factor of 3631382?
False
Is 224 a factor of 765184?
True
Is 2 a factor of 140870?
True
Is 10 a factor of 104773?
False
Is 16786267 a multiple of 113?
False
Does 9 divide 431379?
True
Does 1131 divide 2459925?
True
Is 506550 a multiple of 66?
True
Is 15545552 a multiple of 79?
False
Is 435149 a multiple of 11?
True
Is 1508827 a multiple of 43?
True
Does 12 divide 4991568?
True
Is 2384 a multiple of 2?
True
Does 86 divide 52374?
True
Does 31 divide 1259282?
True
Is 437718 a multiple of 5?
False
Is 7375280 a multiple of 20?
True
Is 3971765 a multiple of 7?
True
Does 479 divide 1166073?
False
Is 6610 a multiple of 10?
True
Is 18 a factor of 127308?
False
Is 5264584 a multiple of 52?
True
Is 272872 a multiple of 23?
True
Is 11 a factor of 93762?
False
Is 52 a factor of 384825?
False
Is 17493936 a multiple of 843?
True
Does 12 divide 177768?
True
Is 347 a factor of 130125?
True
Is 48 a factor of 131947?
False
Is 270579 a multiple of 303?
True
Is 5913966 a multiple of 326?
True
Is 10 a factor of 113070?
True
Is 651 a factor of 430306?
False
Is 32 a factor of 263463?
False
Is 210813 a multiple of 23?
False
Does 78 divide 5152456?
False
Does 40 divide 3898662?
False
Is 219 a factor of 921516?
False
Is 2872612 a multiple of 61?
True
Does 796 divide 20782604?
False
Does 16 divide 256414?
False
Does 106 divide 5564258?
True
Is 51016 a multiple of 7?
True
Is 16 a factor of 352736?
True
Does 5 divide 72761?
False
Is 77 a factor of 2135447?
False
Does 29 divide 780370?
False
Does 31 divide 32880057?
True
Is 273 a factor of 276865?
False
Does 236 divide 558813?
False
Is 9 a factor of 18396?
True
Is 278817 a multiple of 33?
True
Is 23923327 a multiple of 1484?
False
Is 415935 a multiple of 45?
True
Is 2039332 a multiple of 4?
True
Is 948904 a multiple of 1052?
True
Is 72011 a multiple of 11?
False
Is 2094591 a multiple of 1516?
False
Is 1564804 a multiple of 11?
False
Is 8 a factor of 130528?
True
Does 100 divide 4698228?
False
Does 62 divide 608530?
True
Is 193 a factor of 117776?
False
Is 163 a factor of 1341490?
True
Does 35 divide 9236?
False
Is 251 a factor of 143823?
True
Does 39 divide 1439913?
False
Is 4481455 a multiple of 576?
False
Is 310913 a multiple of 18?
False
Does 16 divide 1066095?
False
Is 81 a factor of 115227?
False
Does 11 divide 78333?
False
Is 749038 a multiple of 39?
False
Is 551 a factor of 5110325?
False
Is 14 a factor of 133617?
False
Does 25 divide 418179?
False
Is 6601480 a multiple of 20?
True
Does 398 divide 2216003?
False
Is 10 a factor of 48930?
True
Is 120 a factor of 29280?
True
Is 9893 a multiple of 26?
False
Is 3545358 a multiple of 1058?
True
Is 1043 a factor of 57644?
False
Does 5 divide 21960?
True
Is 39059 a multiple of 48?
False
Does 2 divide 25823?
False
Is 2318770 a multiple of 520?
False
Is 8 a factor of 687798?
False
Does 39 divide 2342344?
False
Does 130 divide 317882?
False
Is 2422872 a multiple of 12?
True
Does 795 divide 501783?
False
Is 8842518 a multiple of 8?
False
Is 4 a factor of 4784?
True
Does 45 divide 218502?
False
Is 32911 a multiple of 5?
False
Does 24 divide 14944872?
True
Is 139488 a multiple of 11?
False
Does 3 divide 13054?
False
Is 48 a factor of 3692592?
True
Does 426 divide 266250?
True
Is 214 a factor of 843377?
False
Does 6 divide 430912?
False
Is 8 a factor of 13146035?
False
Does 7 divide 17444342?
False
Is 1202985 a multiple of 27?
True
Is 65631 a multiple of 160?
False
Is 3026828 a multiple of 196?
True
Is 95 a factor of 1593550?
False
Is 402 a factor of 2025130?
False
Is 526 a factor of 401075?
False
Is 4 a factor of 52538?
False
Does 259 divide 63196?
True
Does 181 divide 44776?
False
Is 50 a factor of 6132925?
False
Is 17 a factor of 505615?
False
Is 23390 a multiple of 16?
False
Is 790755 a multiple of 107?
False
Is 16 a factor of 514880?
True
Is 953462 a multiple of 986?
True
Is 205 a factor of 126280?
True
Is 14 a factor of 120296?
False
Is 27 a factor of 23159?
False
Is 182614 a multiple of 131?
True
Is 4034336 a multiple of 1814?
True
Is 84 a factor of 197400?
True
Is 74 a factor of 5681572?
True
Does 9 divide 186669?
True
Is 179584 a multiple of 92?
True
Is 1971 a factor of 13290453?
True
Does 46 divide 55706?
True
Is 22628 a multiple of 4?
True
Is 192808 a multiple of 44?
True
Does 344 divide 13791560?
False
Is 8138728 a multiple of 700?
False
Does 9 divide 388215?
True
Is 205062 a multiple of 26?
True
Does 181 divide 135207?
True
Is 604 a factor of 4113240?
True
Is 480868 a multiple of 239?
True
Is 11777745 a multiple of 1509?
True
Is 215 a factor of 55295?
False
Is 66761 even?
False
Is 854656 a multiple of 64?
True
Does 77 divide 363723?
False
Does 604 divide 26164269?
False
Does 10 divide 2536998?
False
Does 8 divide 27336?
True
Does 12 divide 20535251?
False
Is 24 a factor of 341424?
True
Does 51 divide 234141?
True
Does 57 divide 874683?
False
Is 10 a factor of 22844?
False
Is 15 a factor of 2433545?
False
Is 24751170 a multiple of 135?
True
Is 16 a factor of 6361403?
False
Is 7 a factor of 160716?
False
Does 91 divide 474292?
True
Does 12 divide 370743?
False
Is 3852401 a multiple of 16?
False
Is 6 a factor of 637950?
True
Is 18 a factor of 99992?
False
Is 6544 a multiple of 3?
False
Does 281 divide 1492391?
True
Is 377036 a multiple of 82?
True
Is 478775 a multiple of 25?
True
Does 35 divide 6075615?
True
Does 5 divide 1137586?
False
Is 59 a factor of 68074?
False
Is 111 a factor of 3421686?
True
Is 25 a factor of 26075?
True
Is 6 a factor of 347934?
True
Does 82 divide 5664888?
True
Is 9 a factor of 546015?
False
Does 2 divide 5201008?
True
Does 3 divide 5907?
True
Is 15 a factor of 9429099?
False
Is 16097745 a multiple of 15?
True
Does 2 divide 74?
True
Is 56 a factor of 428140?
False
Is 2383927 a multiple of 10?
False
Is 37 a factor of 2193619?
True
Is 14 a factor of 190344?
True
Is 5902271 a multiple of 17?
False
Does 8 divide 178083?
False
Does 159 divide 2544?
True
Does 3 divide 29319?
True
Is 2522758 a multiple of 2?
True
Is 2616710 a multiple of 62?
True
Does 157 divide 4443414?
True
Is 1965822 a multiple of 94?
True
Is 1739 a multiple of 3?
False
Does 18 divide 157996?
False
Is 72 a factor of 430697?
False
Is 183 a multiple of 28?
False
Does 49 divide 14553?
True
Is 6309982 a multiple of 82?
True
Is 48 a factor of 1457472?
True
Is 4 a factor of 300512?
True
Is 225 a factor of 915075?
True
Is 2270279 a multiple of 183?
False
Is 658016 a multiple of 4?
True
Is 407466 a multiple of 29?
False
Is 493 a factor of 83317?
True
Does 82 divide 897031?
False
Is 67 a factor of 381900?
True
Does 422 divide 153186?
True
Is 36 a factor of 2999556?
True
Does 37 divide 21297?
False
Is 239 a factor of 232075?
False
Is 365226 a multiple of 174?
True
Is 15 a factor of 327090?
True
Is 72 a factor of 2126880?
True
Is 123300 a multiple of 60?
True
Is 355 a factor of 227910?
True
Is 3431298 a multiple of 19?
False
Is 230600 a multiple of 443?
False
Is 40748 a multiple of 8?
False
Is 9 a factor of 84177?
True
Is 534394 a multiple of 14?
True
Does 20 divide 5571970?
False
Does 75 divide 411017?
False
Is 3 a factor of 781776?
True
Is 551892 a multiple of 226?
True
Is 393 a factor of 1124742?
False
Is 431 a factor of 8459744?
False
Is 42042 a multiple of 42?
True
Does 308 divide 476784?
True
Is 7 a factor of 1316511?
True
Is 1634280 a multiple of 15?
True
Is 1093880 a multiple of 164?
True
Does 263 divide 101518?
True
Does 167 divide 4520356?
True
Is 1312932 a multiple of 383?
False
Does 229 divide 1722369?
False
Does 11 divide 346819?
True
Is 986130 a multiple of 6?
True
Does 19 divide 7195395?
True
Is 1042440 a multiple of 98?
False
Does 27 divide 91908?
True
Is 61 a factor of 6265127?
True
Does 73 divide 4312475?
True
Does 30 divide 2078490?
True
Does 1500 divide 15993885?
False
Is 459 a factor of 2466133?
False
Is 36262699 a multiple of 20?
False
Is 3 a factor of 5938?
False
Does 36 divide 26172?
True
Is 52 a factor of 220636?
True
Is 4443 a multiple of 6?
False
Is 20 a factor of 350440?
True
Does 491 divide 5504